 9*u**2 - 11*u - 9. Let q be c(-6). Let s = q + -162. Calculate the highest common factor of s and 24.
3
Let u(y) = 2*y - 5. Let p be u(1). Let g be (4 + -5)*(p - 22). Suppose 0 = 2*l + g - 129. Calculate the greatest common factor of 13 and l.
13
Let j = -3717 + 3953. What is the greatest common divisor of 4661 and j?
59
Suppose 248 = 27*n + 4*n. Let h(z) be the first derivative of z**4 - 4*z**3/3 + 8. Let s be h(3). What is the highest common factor of n and s?
8
Let a(s) = -11*s**3 - 12*s**2 - 185*s - 1460. Let f be a(-8). What is the greatest common divisor of f and 132?
132
Let q be 276/72 + (5/6)/5. Let h be (-65 - -128) + (1 - q)/1. Calculate the highest common factor of h and 480.
60
Let t be (4/(-10))/(8/40) + 4. Suppose -5 + 1 = -d, -5*q = t*d - 58. Let z = 2 - -2. Calculate the highest common factor of q and z.
2
Let o(x) = -40*x + 20. Let y be o(5). Let t = y - -261. What is the highest common factor of t and 3?
3
Suppose -9*s - 2*q + 93 = 0, -1599*s = -1597*s + 4*q - 42. Calculate the greatest common factor of s and 162.
9
Let a = 42 + -20. Suppose 648 - 353 = 40*x - 1025. Calculate the greatest common factor of x and a.
11
Let k = 3588 + -1661. What is the greatest common factor of 94 and k?
47
Let q = -100 + 191. Suppose -5*g = -3*t - 177 - q, 2*t = 4*g - 216. Let s = g + -47. Calculate the greatest common factor of 72 and s.
9
Suppose -5*j - 291 = -3*d + 736, -2*j + 346 = d. What is the highest common factor of d and 602?
86
Suppose -4*t = -37*t + 1287. What is the greatest common divisor of t and 897?
39
Let m = -545 - -1113. Suppose 0 = -77*p + 48*p + 2059. Calculate the highest common factor of p and m.
71
Let c(b) = -b**3 - 9*b**2 - 14*b + 1. Let i be c(-7). Suppose -z = r + 17, r - 3*r - 39 = 3*z. Let w = -7 - r. What is the highest common divisor of i and w?
1
Suppose -3*t = 4*d - 141, -3*d + 9 = -0*d. Let f be 1 - -167 - -8*(-3)/(-6). Calculate the greatest common divisor of t and f.
43
Let v(f) = f**3 - 17*f**2 + 60*f + 52. Let i be v(12). What is the highest common factor of i and 299?
13
Let j be 270/(-108) + (-2 + -6363)/(5 - 7). Calculate the highest common divisor of 60 and j.
60
Suppose -4*h + 5 = -135. Let d(n) = 2*n**3 - 13*n**2 - 31*n + 70. Let y be d(8). Calculate the greatest common divisor of y and h.
7
Suppose -2*c + c - 4*f - 607 = 0, -2*c - 1202 = 2*f. Let i = 323 + c. Let j = 452 + i. What is the greatest common divisor of j and 22?
22
Suppose 27 = 11*q + 16. Let j be (-1955)/(-46)*(q - -1). What is the greatest common divisor of 51 and j?
17
Suppose -24*p + 19*p + 735 = 0. Let c(y) = -20*y**2 - y + 3. Let h be c(-2). Let q = h + p. What is the highest common divisor of q and 8?
8
Let u(b) = 7*b**3 + 3*b**2 + 2*b + 2. Let j be u(3). Let h = -38 + 49. Let a be 354/h + 4/(-22). Calculate the highest common divisor of j and a.
32
Let a = 171 + -168. Suppose a*y = -d + 3*d + 28, -5*y - d = -38. What is the highest common divisor of 20 and y?
4
Suppose 22*j = 2*a + 20*j - 104, -7*a = 3*j - 264. Suppose -b + 8 = 4*q, -3*q - 12 = -5*b + 51. What is the greatest common factor of b and a?
6
Let h = 22 + -20. Suppose -192 = 5*p + 3*x, 8 + 69 = -h*p - x. Let i = p + 53. What is the greatest common factor of i and 154?
14
Suppose 5*o - 33 = 3*v - 4*v, 2*v - 44 = o. Let r = 10784 - 10416. What is the highest common divisor of v and r?
23
Suppose 4*k - 2*l - 4 = -50, -5*k - 5*l = 65. Let d be 3/k - 5/(-4). Let q = -15 + 16. Calculate the greatest common divisor of q and d.
1
Let t = -121 - -121. Let p be 4 + (-6)/2 + 25 + t. What is the greatest common divisor of p and 130?
26
Let a be (-1 - -11)*(22 - 98/(-5)). Calculate the highest common factor of 260 and a.
52
Let g(i) = -i - 2. Let s be -3*(-3)/((-9)/8). Let q be g(s). Let t = 28 + -24. Calculate the greatest common divisor of t and q.
2
Let a be ((-11)/2)/((-3)/12). Let b = 37 - a. Let g be (130/195)/(20/18 - 1). Calculate the highest common factor of g and b.
3
Suppose -4478 = -15*g + 1327. Suppose -297 = 10*r - g. Calculate the greatest common divisor of r and 144.
9
Let a = -2251 - -3086. Calculate the greatest common factor of 334 and a.
167
Let m be 6490/(-25) - 3/(-5). Let y = -160 - m. What is the greatest common factor of y and 9?
9
Let f(l) = 6*l**3 - 6*l**2 - 80*l + 235. Let a be f(3). What is the highest common divisor of a and 26?
1
Let w be ((-15)/3 - -20)*1/1. Let q be 3/w - (-28)/10. Suppose -100 = -q*o - 13. What is the greatest common divisor of 116 and o?
29
Let j be 14/(-35) + 3/45*381. Calculate the greatest common factor of j and 305.
5
Let o be (-4809450)/(-7950) - (-2)/53. What is the greatest common factor of o and 385?
55
Let v be 138/1173 - (76832/(-68) + 2). What is the highest common factor of v and 96?
24
Suppose 35*j = 37*j - 4*u - 142, -2*j + 160 = 5*u. Let p be -4 + j/20 + (-87)/(-12). What is the greatest common factor of 2 and p?
1
Let d(q) = q**3 - 9*q**2 - 9*q - 3. Let r be d(10). Suppose 5*t = r*t - 864. What is the greatest common divisor of t and 16?
16
Let d(l) = -5*l**3 - 5*l**2 - 2*l + 3. Let g be d(-3). Let r be (7 - (-228)/8)/(1/(-12)). Let x = -415 - r. Calculate the greatest common divisor of g and x.
11
Suppose 0 = -2*y + 22*y - 741 + 381. Calculate the highest common factor of 258 and y.
6
Let b(l) = 2*l**2 - 80*l - 220. Let w be b(44). Let z = -166 - -232. What is the highest common factor of z and w?
66
Let n be (-16)/3*9/4. Let b be (264/10)/n*-5*1. Let u be 22*2*2/8. Calculate the greatest common factor of u and b.
11
Let n(y) = -y - 29. Let t be n(-18). Let b be 310/330*3 - 2/t. Calculate the highest common divisor of 24 and b.
3
Let p = 23441 + -16394. Calculate the greatest common divisor of 87 and p.
87
Suppose -73 = -y + 2*r, -5*r - 360 = -3*y - 2*y. Suppose 3*k - y = 2*u - u, -3*k = -3*u - 81. Calculate the greatest common factor of k and 22.
22
Suppose 0 = 2*f - 2*t - 14166, -12406 = 3*f + t - 33631. What is the highest common factor of 42 and f?
21
Let y(d) = 16*d + 19 - 8 - 5*d + 13 + 11*d. Suppose 0 = n - 2 - 2. Let z be y(n). Calculate the highest common divisor of z and 14.
14
Suppose 3*i + 60 = 6*i. Let s = 1856 + -1786. What is the highest common factor of i and s?
10
Suppose 840 = y - 7*y. Let b be (y/(-42))/((-2)/6). Let w be b*(-2 + 2 - 2). What is the highest common factor of w and 100?
20
Let m be (-868)/(-3) + 1/(-3). Let j = 193 - m. Let r be ((-1)/((-4)/j))/(2/(-7)). What is the highest common divisor of 24 and r?
12
Suppose 0 = r - 54 + 49, 3 = 2*y + r. Let u be (-16)/y + (99/9 - 16). Calculate the highest common divisor of u and 253.
11
Let h(d) = 15*d + 1460. Let r be h(-97). Calculate the greatest common divisor of 5245 and r.
5
Let m = 32 - 32. Let k = 105 + -101. Suppose 2*t + 10 = k*j, j - t + 3 - 4 = m. What is the highest common divisor of j and 20?
4
Let s(h) = 2*h**2 + 31*h + 142. Let m be s(-27). What is the greatest common factor of m and 327?
109
Suppose 0 = 6*o + 9*o - 375. Suppose 0 = -23*a + o*a - 116. What is the highest common divisor of 290 and a?
58
Let v(t) = 8*t**2 + 34*t - 76. Let m be v(3). What is the greatest common factor of m and 2800?
14
Let m be -6 + 8 + -4 + 0 + 78. Suppose 8 + m = 4*l + 3*i, -5*l = -i - 124. Calculate the greatest common factor of 56 and l.
8
Let k be (-9)/(-7) - 854190/(-70). Calculate the greatest common factor of 216 and k.
108
Let g(j) = -6*j + 2. Let z be g(-3). Let d(o) = -2*o**3 + 232*o**2 + 468*o + 476. Let s be d(118). Calculate the highest common factor of z and s.
4
Let p = -17 - -18. Let c be 129 + 0/(-2 - (3 + -3)). Let y = c + -127. What is the highest common factor of p and y?
1
Suppose 2*l - 3*l = -64. Let m be (-4)/32 + (-21)/672*-3076. Calculate the highest common divisor of l and m.
32
Let q(j) = 550*j - 174. Let u be q(5). Calculate the highest common factor of u and 276.
92
Let g(v) = -v**3 - v**2 + 15*v - 3. Let l be g(-5). Suppose -23*t = -l*t - 120. Calculate the highest common divisor of 72 and t.
24
Suppose -2*x + 3*t - 2*t = -579, -1444 = -5*x - t. Let q = 309 - x. What is the highest common factor of 10 and q?
10
Suppose -1016*j = -1045*j + 261. Suppose 4*p - 8 = 2*u, -p + 5*u + 11 = -0*p. Calculate the highest common divisor of j and p.
1
Suppose 3*h = -5*u + 115, h + 0*h - 4*u - 61 = 0. Let d(b) = -17*b**2